{"id":3033,"date":"2023-12-13T08:09:16","date_gmt":"2023-12-13T07:09:16","guid":{"rendered":"https:\/\/swimmingpool24.com\/Shop\/?post_type=product&#038;p=3033"},"modified":"2024-02-23T12:51:16","modified_gmt":"2024-02-23T11:51:16","slug":"poolueberdachung-skyline","status":"publish","type":"product","link":"https:\/\/swimmingpool24.com\/Shop\/produkt\/poolueberdachung-skyline\/","title":{"rendered":"Pool\u00fcberdachung SKYLINE"},"content":{"rendered":"<h2>DESIGN IM MITTELPUNKT Echtglas \u00dcberdachung<\/h2>\n<p>Niedrigste Form mit transparenten Glaskanten. freien Blick in den ganzen Garten<\/p>\n<h3><strong><span style=\"color: #993300\">Spezifikation<\/span><\/strong><\/h3>\n<ul>\n<li>Extra flache Glas\u00fcberdachung mit teleskopischer Verschiebung<\/li>\n<li>Stabiler Rahmen in metallic grau Farbton .. eloxierte CNC Teile<\/li>\n<li>Transparentes Sicherheitsglas mit schwarz get\u00f6tet Umrandungsstreifen<\/li>\n<li>Einseitige Schienenf\u00fchrung &#8211; Schienbeine nur 65 mm, kann versenkt werden<\/li>\n<li>Gr\u00f6sstes Segment mit L\u00fcftungsklappe im Standard<\/li>\n<li>8 Rollen in jedem Segment, Edelstahl kugelgelagert<\/li>\n<li>H\u00f6henunterschied zwischen Segmenten 9 cm<\/li>\n<\/ul>\n<h2><strong><span style=\"color: #993300\">Profilfarbe<\/span><\/strong><\/h2>\n<p>Metallgrau<\/p>\n<h2><span style=\"color: #993300\">Verglasung<\/span><\/h2>\n<p>Sicherheitsglas: ESG 4 mm<\/p>\n<h2><strong><span style=\"color: #993300\">Bemerkungen<\/span><\/strong><\/h2>\n<ul>\n<li>Standardisierte L\u00e4nge der Segmente\/ Pool\u00fcberdachung<\/li>\n<li>Innenbreite 250 cm- 540 cm- abgestuft nach 10 cm<\/li>\n<li>Sonderma\u00dfe nach individueller Best\u00e4tigung und Kalkulation erh\u00e4ltlich<\/li>\n<li>Entsprechende L\u00e4nge der F\u00fchrungsleiste im Grundpreis<\/li>\n<li>Inklusive Mitnehmer<\/li>\n<li>Komplett Absperrbare Variante ohne Aufpreis<\/li>\n<li>Transportverpackung im Preis inbegriffen<\/li>\n<\/ul>\n","protected":false},"excerpt":{"rendered":"<p>DESIGN IM MITTELPUNKT Echtglas \u00dcberdachung Niedrigste Form mit transparenten Glaskanten. freien Blick in den ganzen Garten Spezifikation Extra flache Glas\u00fcberdachung mit teleskopischer Verschiebung Stabiler Rahmen in metallic grau Farbton .. eloxierte CNC Teile Transparentes Sicherheitsglas mit schwarz get\u00f6tet Umrandungsstreifen Einseitige Schienenf\u00fchrung &#8211; Schienbeine nur 65 mm, kann versenkt werden Gr\u00f6sstes Segment mit L\u00fcftungsklappe im Standard [&hellip;]<\/p>\n","protected":false},"featured_media":5103,"template":"","meta":[],"product_brand":[],"product_cat":[363],"product_tag":[],"class_list":{"0":"post-3033","1":"product","2":"type-product","3":"status-publish","4":"has-post-thumbnail","6":"product_cat-ueberdachung","8":"first","9":"instock","10":"taxable","11":"shipping-taxable","12":"purchasable","13":"product-type-variable"},"_links":{"self":[{"href":"https:\/\/swimmingpool24.com\/Shop\/wp-json\/wp\/v2\/product\/3033","targetHints":{"allow":["GET"]}}],"collection":[{"href":"https:\/\/swimmingpool24.com\/Shop\/wp-json\/wp\/v2\/product"}],"about":[{"href":"https:\/\/swimmingpool24.com\/Shop\/wp-json\/wp\/v2\/types\/product"}],"wp:featuredmedia":[{"embeddable":true,"href":"https:\/\/swimmingpool24.com\/Shop\/wp-json\/wp\/v2\/media\/5103"}],"wp:attachment":[{"href":"https:\/\/swimmingpool24.com\/Shop\/wp-json\/wp\/v2\/media?parent=3033"}],"wp:term":[{"taxonomy":"product_brand","embeddable":true,"href":"https:\/\/swimmingpool24.com\/Shop\/wp-json\/wp\/v2\/product_brand?post=3033"},{"taxonomy":"product_cat","embeddable":true,"href":"https:\/\/swimmingpool24.com\/Shop\/wp-json\/wp\/v2\/product_cat?post=3033"},{"taxonomy":"product_tag","embeddable":true,"href":"https:\/\/swimmingpool24.com\/Shop\/wp-json\/wp\/v2\/product_tag?post=3033"}],"curies":[{"name":"wp","href":"https:\/\/api.w.org\/{rel}","templated":true}]}}