{"id":4242,"date":"2023-12-09T15:40:20","date_gmt":"2023-12-09T14:40:20","guid":{"rendered":"https:\/\/swimmingpool24.com\/Shop\/?post_type=product&#038;p=4242"},"modified":"2023-12-09T15:40:21","modified_gmt":"2023-12-09T14:40:21","slug":"ersatzauskleidung-fuer-rundbecken","status":"publish","type":"product","link":"https:\/\/swimmingpool24.com\/Shop\/produkt\/ersatzauskleidung-fuer-rundbecken\/","title":{"rendered":"Ersatzauskleidung f\u00fcr Rundbecken"},"content":{"rendered":"<h2>Poolfolie RUND von\u00a0<b>\u00d8\u00a0<\/b><span style=\"color: #14b0fe;font-size: 24px\">2,00 m &#8211;\u00a0<\/span><b>\u00d8 8,0<\/b><span style=\"color: #14b0fe;font-size: 24px\">0\u00a0cm und in H\u00f6he 0,90 m &#8211; 1,50 m f\u00fcr Stahlwandbecken<\/span><\/h2>\n<p>Ersetzen Sie Ihre alte Poolfolie durch eine hochwertige Austauschfolie.<\/p>\n<ul>\n<li>Poolfolie aus UV-stabilisiertem PVC<\/li>\n<li>Witterungs- und k\u00e4ltebest\u00e4ndig<\/li>\n<li>0,8 mm Folienst\u00e4rke<\/li>\n<li>adriablau, sandfarben oder grau<\/li>\n<li>Einh\u00e4ngebiese, Keilbiese oder \u00fcberlappend<\/li>\n<li>10 Jahre Garantie auf Dichtheit des Folienmaterials<\/li>\n<li>Rohmaterial physiologisch unbedenklich &#8211; erf\u00fcllt die Norm f\u00fcr Kinderspielzeug EN 71-3<\/li>\n<\/ul>\n<p>Das angegebene Ma\u00df ist immer das Beckeninnenma\u00df. Die tats\u00e4chlichen Folienma\u00dfe sind um ein paar Zentimeter kleiner, damit sich die Poolfolie unter leichtem Zug faltenfrei montieren l\u00e4\u00dft. Als Schutz vor Besch\u00e4digung der Poolfolie empfehlen wir zus\u00e4tzlich die Verwendung eines Unterlagsvlieses, da es die Folie vor mechanischen Besch\u00e4digungen sch\u00fctzt und chemische Reaktionen zwischen Folie und Untergrund verhindert. Anl\u00e4\u00dflich des Folientausches bietet sich auch an, den verwitterten Handlauf im Zuge der Sanierung zu ersetzen. Orientieren Sie sich bei der Wahl der Folienbefestigung an Ihrer bestehenden Poolfolie, damit eine problemlose Montage gew\u00e4hrleistet ist.<\/p>\n","protected":false},"excerpt":{"rendered":"<p>Poolfolie RUND von\u00a0\u00d8\u00a02,00 m &#8211;\u00a0\u00d8 8,00\u00a0cm und in H\u00f6he 0,90 m &#8211; 1,50 m f\u00fcr Stahlwandbecken Ersetzen Sie Ihre alte Poolfolie durch eine hochwertige Austauschfolie. Poolfolie aus UV-stabilisiertem PVC Witterungs- und k\u00e4ltebest\u00e4ndig 0,8 mm Folienst\u00e4rke adriablau, sandfarben oder grau Einh\u00e4ngebiese, Keilbiese oder \u00fcberlappend 10 Jahre Garantie auf Dichtheit des Folienmaterials Rohmaterial physiologisch unbedenklich &#8211; erf\u00fcllt [&hellip;]<\/p>\n","protected":false},"featured_media":4243,"template":"","meta":[],"product_brand":[],"product_cat":[15],"product_tag":[],"class_list":{"0":"post-4242","1":"product","2":"type-product","3":"status-publish","4":"has-post-thumbnail","6":"product_cat-stahlwandbecken","8":"first","9":"instock","10":"taxable","11":"shipping-taxable","12":"purchasable","13":"product-type-variable"},"_links":{"self":[{"href":"https:\/\/swimmingpool24.com\/Shop\/wp-json\/wp\/v2\/product\/4242","targetHints":{"allow":["GET"]}}],"collection":[{"href":"https:\/\/swimmingpool24.com\/Shop\/wp-json\/wp\/v2\/product"}],"about":[{"href":"https:\/\/swimmingpool24.com\/Shop\/wp-json\/wp\/v2\/types\/product"}],"wp:featuredmedia":[{"embeddable":true,"href":"https:\/\/swimmingpool24.com\/Shop\/wp-json\/wp\/v2\/media\/4243"}],"wp:attachment":[{"href":"https:\/\/swimmingpool24.com\/Shop\/wp-json\/wp\/v2\/media?parent=4242"}],"wp:term":[{"taxonomy":"product_brand","embeddable":true,"href":"https:\/\/swimmingpool24.com\/Shop\/wp-json\/wp\/v2\/product_brand?post=4242"},{"taxonomy":"product_cat","embeddable":true,"href":"https:\/\/swimmingpool24.com\/Shop\/wp-json\/wp\/v2\/product_cat?post=4242"},{"taxonomy":"product_tag","embeddable":true,"href":"https:\/\/swimmingpool24.com\/Shop\/wp-json\/wp\/v2\/product_tag?post=4242"}],"curies":[{"name":"wp","href":"https:\/\/api.w.org\/{rel}","templated":true}]}}