{"id":4487,"date":"2023-12-10T17:12:38","date_gmt":"2023-12-10T16:12:38","guid":{"rendered":"https:\/\/swimmingpool24.com\/Shop\/?post_type=product&#038;p=4487"},"modified":"2024-02-23T11:48:05","modified_gmt":"2024-02-23T10:48:05","slug":"schwimmbad-laubkescher-deluxe-aus-kunststoff","status":"publish","type":"product","link":"https:\/\/swimmingpool24.com\/Shop\/produkt\/schwimmbad-laubkescher-deluxe-aus-kunststoff\/","title":{"rendered":"Schwimmbad Laubkescher deluxe aus Kunststoff"},"content":{"rendered":"<p>Mit diesem stabilen Pool Oberfl\u00e4chenkescher l\u00e4sst sich der Schmutz an der Oberfl\u00e4che Ihres Pools einfach und schnell absch\u00f6pfen. Verschmutzungen wie Bl\u00fctenstaub, Bl\u00e4tter oder Insekten k\u00f6nnen problemlos entfernt werden. Befestigen Sie daf\u00fcr den Kescher an einer Telestange und beginnen Sie mit der Reinigung.<\/p>\n<p>Durch den robusten Rahmen, das extra starke Netz sowie die seitlich integrierten Schmutzaufnahmelaschen k\u00f6nnen Sie jede Verunreinigung aus Ihrem Pool entfernen.<\/p>\n<div class=\"col-lg-12 pl0 mt20 mb20\">\n<p><b>Vorteile:<\/b><\/p>\n<\/div>\n<div class=\"col-lg-12 pl0 mt20 mb20\">\n<ul>\n<li>Inkl. Systemanschluss, kompatibel mit allen g\u00e4ngigen Teleskopstangen<\/li>\n<li>Stabiler Rahmen aus verst\u00e4rktem, UV-best\u00e4ndigem PPGF<\/li>\n<\/ul>\n<p><strong>Ma\u00dfe:<\/strong><\/p>\n<p>Oberfl\u00e4chenkescher 230\/300&#215;300 mm<\/p>\n<p>Kunststoff, Blau,\u2300 28 mm mit Clip &#8211; Anschluss f\u00fcr Teleskopstange<\/p>\n<\/div>\n","protected":false},"excerpt":{"rendered":"<p>Mit diesem stabilen Pool Oberfl\u00e4chenkescher l\u00e4sst sich der Schmutz an der Oberfl\u00e4che Ihres Pools einfach und schnell absch\u00f6pfen. Verschmutzungen wie Bl\u00fctenstaub, Bl\u00e4tter oder Insekten k\u00f6nnen problemlos entfernt werden. Befestigen Sie daf\u00fcr den Kescher an einer Telestange und beginnen Sie mit der Reinigung. Durch den robusten Rahmen, das extra starke Netz sowie die seitlich integrierten Schmutzaufnahmelaschen [&hellip;]<\/p>\n","protected":false},"featured_media":4490,"template":"","meta":[],"product_brand":[],"product_cat":[15,135],"product_tag":[],"class_list":{"0":"post-4487","1":"product","2":"type-product","3":"status-publish","4":"has-post-thumbnail","6":"product_cat-stahlwandbecken","7":"product_cat-wasserpflege-und-reinigung","9":"first","10":"instock","11":"taxable","12":"shipping-taxable","13":"purchasable","14":"product-type-simple"},"_links":{"self":[{"href":"https:\/\/swimmingpool24.com\/Shop\/wp-json\/wp\/v2\/product\/4487","targetHints":{"allow":["GET"]}}],"collection":[{"href":"https:\/\/swimmingpool24.com\/Shop\/wp-json\/wp\/v2\/product"}],"about":[{"href":"https:\/\/swimmingpool24.com\/Shop\/wp-json\/wp\/v2\/types\/product"}],"wp:featuredmedia":[{"embeddable":true,"href":"https:\/\/swimmingpool24.com\/Shop\/wp-json\/wp\/v2\/media\/4490"}],"wp:attachment":[{"href":"https:\/\/swimmingpool24.com\/Shop\/wp-json\/wp\/v2\/media?parent=4487"}],"wp:term":[{"taxonomy":"product_brand","embeddable":true,"href":"https:\/\/swimmingpool24.com\/Shop\/wp-json\/wp\/v2\/product_brand?post=4487"},{"taxonomy":"product_cat","embeddable":true,"href":"https:\/\/swimmingpool24.com\/Shop\/wp-json\/wp\/v2\/product_cat?post=4487"},{"taxonomy":"product_tag","embeddable":true,"href":"https:\/\/swimmingpool24.com\/Shop\/wp-json\/wp\/v2\/product_tag?post=4487"}],"curies":[{"name":"wp","href":"https:\/\/api.w.org\/{rel}","templated":true}]}}