{"id":4504,"date":"2023-12-10T18:08:11","date_gmt":"2023-12-10T17:08:11","guid":{"rendered":"https:\/\/swimmingpool24.com\/Shop\/?post_type=product&#038;p=4504"},"modified":"2023-12-10T18:08:12","modified_gmt":"2023-12-10T17:08:12","slug":"alu-teleskopstange","status":"publish","type":"product","link":"https:\/\/swimmingpool24.com\/Shop\/produkt\/alu-teleskopstange\/","title":{"rendered":"Alu- Teleskopstange"},"content":{"rendered":"<h2>Teleskopstange 3 &amp; 2-teilig<\/h2>\n<p>Teleskopstange, 3-teilig aus Aluminium bis zu 4,5 m L\u00e4nge. Verwendbar mit allen g\u00e4ngigen Bodenb\u00fcrsten, Keschern, usw.. Inkl. multifunktionellen Haken.<\/p>\n<div class=\"ListDetail-item field__item\">\n<ul>\n<li>Verwendbar mit allen g\u00e4ngigen Zubeh\u00f6rteilen<\/li>\n<li>F\u00fcr alle Poolarten<\/li>\n<li>Einstellbare L\u00e4nge von 1,5 &#8211; 4,5 m<\/li>\n<\/ul>\n<p>Die hochwertige und robuste Aluminium-Teleskopstange ist sehr leicht sowie sehr stabil konstruiert (Materialst\u00e4rke 1 mm). Der ergonomische Griff und das geringe Gewicht erm\u00f6glichen eine einfache Handhabung. Die Teleskopstange verf\u00fcgt ausserdem \u00fcber ein Einrastsystem: L\u00f6cher im Abstand von 15 cm erm\u00f6glichen den Auszug auf die gew\u00fcnschte L\u00e4nge.<\/p>\n<h3>Vorteile der Telestange<\/h3>\n<\/div>\n<div class=\"ListDetail-item field__item\"><strong>Robuster Aluminium-Griff<\/strong><\/div>\n<div class=\"ListDetail-item field__item\">\n<div class=\"EditorialWysiwyg LayerListTab-content-description clearfix text-formatted field field--name-field-description field--type-text-long field--label-hidden field__items\">\n<p>Hergestellt aus einem massiven Material welches hohe mechanische und Korrosionsbest\u00e4ndigkeit vereint. Flexibilit\u00e4t und Leichtigkeit.<\/p>\n<div class=\"LayerListTab-content-title field field--name-field-title field--type-string field--label-hidden field__items\"><strong>Lange L\u00e4nge mit Clip-Verriegelungssystem<\/strong><\/div>\n<div class=\"EditorialWysiwyg LayerListTab-content-description clearfix text-formatted field field--name-field-description field--type-text-long field--label-hidden field__items\">\n<p>Dieser bis zu 4,5 m ausziehbare Griff zeichnet sich durch sein Clipverschlusssystem alle 15 cm aus, so dass er leicht an die gew\u00fcnschte Gr\u00f6\u00dfe angepasst werden kann.<\/p>\n<div class=\"LayerListTab-content-title field field--name-field-title field--type-string field--label-hidden field__items\"><strong>Mehrzweck-Haken enthalten<\/strong><\/div>\n<div class=\"EditorialWysiwyg LayerListTab-content-description clearfix text-formatted field field--name-field-description field--type-text-long field--label-hidden field__items\">\n<p>Praktisch und raffiniert ist ein Haken, der am Ende gegen\u00fcber dem Griff angebracht ist und mit dem Sie verschiedene Gegenst\u00e4nde aus dem Becken holen und sogar den Skimmerkorb aus seinem Geh\u00e4use nehmen k\u00f6nnen um ihn zu entleeren.<\/p>\n<div class=\"LayerListTab-content-title field field--name-field-title field--type-string field--label-hidden field__items\"><strong>Kompatibilit\u00e4t mit allen Arten von Schwimmbadzubeh\u00f6r<\/strong><\/div>\n<div class=\"EditorialWysiwyg LayerListTab-content-description clearfix text-formatted field field--name-field-description field--type-text-long field--label-hidden field__items\">\n<p>\u00a0Der vielseitige und universelle Teleskopstiel passt zu den meisten Zubeh\u00f6rteilen auf dem Markt.<\/p>\n<div class=\"LayerListTab-content-title field field--name-field-title field--type-string field--label-hidden field__items\"><strong>Ergonomischer Griff<\/strong><\/div>\n<div class=\"EditorialWysiwyg LayerListTab-content-description clearfix text-formatted field field--name-field-description field--type-text-long field--label-hidden field__items\">\n<p>Ausgestattet mit einem Gummigriff f\u00fcr einen hohen Bedienungskomfort, ist der Teleskopstiel sehr handlich<\/p>\n<\/div>\n<\/div>\n<\/div>\n<\/div>\n<\/div>\n<\/div>\n","protected":false},"excerpt":{"rendered":"<p>Teleskopstange 3 &amp; 2-teilig Teleskopstange, 3-teilig aus Aluminium bis zu 4,5 m L\u00e4nge. Verwendbar mit allen g\u00e4ngigen Bodenb\u00fcrsten, Keschern, usw.. Inkl. multifunktionellen Haken. Verwendbar mit allen g\u00e4ngigen Zubeh\u00f6rteilen F\u00fcr alle Poolarten Einstellbare L\u00e4nge von 1,5 &#8211; 4,5 m Die hochwertige und robuste Aluminium-Teleskopstange ist sehr leicht sowie sehr stabil konstruiert (Materialst\u00e4rke 1 mm). Der ergonomische [&hellip;]<\/p>\n","protected":false},"featured_media":4505,"template":"","meta":[],"product_brand":[],"product_cat":[15],"product_tag":[],"class_list":{"0":"post-4504","1":"product","2":"type-product","3":"status-publish","4":"has-post-thumbnail","6":"product_cat-stahlwandbecken","8":"first","9":"instock","10":"taxable","11":"shipping-taxable","12":"purchasable","13":"product-type-variable"},"_links":{"self":[{"href":"https:\/\/swimmingpool24.com\/Shop\/wp-json\/wp\/v2\/product\/4504","targetHints":{"allow":["GET"]}}],"collection":[{"href":"https:\/\/swimmingpool24.com\/Shop\/wp-json\/wp\/v2\/product"}],"about":[{"href":"https:\/\/swimmingpool24.com\/Shop\/wp-json\/wp\/v2\/types\/product"}],"wp:featuredmedia":[{"embeddable":true,"href":"https:\/\/swimmingpool24.com\/Shop\/wp-json\/wp\/v2\/media\/4505"}],"wp:attachment":[{"href":"https:\/\/swimmingpool24.com\/Shop\/wp-json\/wp\/v2\/media?parent=4504"}],"wp:term":[{"taxonomy":"product_brand","embeddable":true,"href":"https:\/\/swimmingpool24.com\/Shop\/wp-json\/wp\/v2\/product_brand?post=4504"},{"taxonomy":"product_cat","embeddable":true,"href":"https:\/\/swimmingpool24.com\/Shop\/wp-json\/wp\/v2\/product_cat?post=4504"},{"taxonomy":"product_tag","embeddable":true,"href":"https:\/\/swimmingpool24.com\/Shop\/wp-json\/wp\/v2\/product_tag?post=4504"}],"curies":[{"name":"wp","href":"https:\/\/api.w.org\/{rel}","templated":true}]}}