{"id":489,"date":"2023-03-03T01:56:58","date_gmt":"2023-03-03T00:56:58","guid":{"rendered":"https:\/\/swimmingpool24.com\/Shop\/?post_type=product&#038;p=489"},"modified":"2023-03-03T16:57:22","modified_gmt":"2023-03-03T15:57:22","slug":"zenit-z-fun","status":"publish","type":"product","link":"https:\/\/swimmingpool24.com\/Shop\/produkt\/zenit-z-fun\/","title":{"rendered":"Zenit Z-Fun"},"content":{"rendered":"<p>Ideal f\u00fcr kleine Schwimmb\u00e4der mit einer L\u00e4nge von bis zu 10 Metern<\/p>\n<ul>\n<li>Bereiche: Boden und W\u00e4nde<\/li>\n<li>Reinigungsyzklus: 2 Stunden<\/li>\n<li>Filtrierung: Einfach zu reinigendes Netz und Satz von ultrafeinen Filtern<\/li>\n<li>Garantie: 24 Monate<\/li>\n<\/ul>\n","protected":false},"excerpt":{"rendered":"<p>Ideal f\u00fcr kleine Schwimmb\u00e4der mit einer L\u00e4nge von bis zu 10 Metern Bereiche: Boden und W\u00e4nde Reinigungsyzklus: 2 Stunden Filtrierung: Einfach zu reinigendes Netz und Satz von ultrafeinen Filtern Garantie: 24 Monate<\/p>\n","protected":false},"featured_media":498,"template":"","meta":[],"product_brand":[],"product_cat":[139],"product_tag":[],"class_list":{"0":"post-489","1":"product","2":"type-product","3":"status-publish","4":"has-post-thumbnail","6":"product_cat-poolroboter","8":"first","9":"instock","10":"taxable","11":"shipping-taxable","12":"purchasable","13":"product-type-simple"},"_links":{"self":[{"href":"https:\/\/swimmingpool24.com\/Shop\/wp-json\/wp\/v2\/product\/489","targetHints":{"allow":["GET"]}}],"collection":[{"href":"https:\/\/swimmingpool24.com\/Shop\/wp-json\/wp\/v2\/product"}],"about":[{"href":"https:\/\/swimmingpool24.com\/Shop\/wp-json\/wp\/v2\/types\/product"}],"wp:featuredmedia":[{"embeddable":true,"href":"https:\/\/swimmingpool24.com\/Shop\/wp-json\/wp\/v2\/media\/498"}],"wp:attachment":[{"href":"https:\/\/swimmingpool24.com\/Shop\/wp-json\/wp\/v2\/media?parent=489"}],"wp:term":[{"taxonomy":"product_brand","embeddable":true,"href":"https:\/\/swimmingpool24.com\/Shop\/wp-json\/wp\/v2\/product_brand?post=489"},{"taxonomy":"product_cat","embeddable":true,"href":"https:\/\/swimmingpool24.com\/Shop\/wp-json\/wp\/v2\/product_cat?post=489"},{"taxonomy":"product_tag","embeddable":true,"href":"https:\/\/swimmingpool24.com\/Shop\/wp-json\/wp\/v2\/product_tag?post=489"}],"curies":[{"name":"wp","href":"https:\/\/api.w.org\/{rel}","templated":true}]}}