{"id":563,"date":"2023-03-05T11:26:44","date_gmt":"2023-03-05T10:26:44","guid":{"rendered":"https:\/\/swimmingpool24.com\/Shop\/?post_type=product&#038;p=563"},"modified":"2023-03-05T11:34:52","modified_gmt":"2023-03-05T10:34:52","slug":"elecrro-quantum","status":"publish","type":"product","link":"https:\/\/swimmingpool24.com\/Shop\/produkt\/elecrro-quantum\/","title":{"rendered":"Elecrro Quantum"},"content":{"rendered":"<p>Bringen Sie Beckenhygiene und Wasserklarheit auf das h\u00f6chste Niveau.<\/p>\n<p>Quantum verwendet eine neue Nanokristalltechnologie, die Abwasser ohne die Verwendung von Chemikalien zu Trinkwasser sterilisieren kann und damit zu einem Schwerpunkthema der modernen Wissenschafft geh\u00f6rt. Einer der vielen Vorteile von Quantum ist die betr\u00e4chtliche Senkung von Restchemikalien, wie Chlor oder Wasserstoffperoxid.<\/p>\n<p>Das Ger\u00e4t wurde auf eine einfache Einbindung in Ihr bestehendes System ausgelegt, ist vollst\u00e4ndig sicher und dabei erheblich leistungsst\u00e4rker als Chlor, Wasserstoperoxid, UV oder Ozon. Die photokatalytische Oxidation ist au\u00dferordentlich wirkungsvoll und kann Viren, Bakterien und Krankheitserreger sofort zerst\u00f6ren und dabei sogar Selbstbr\u00e4uner, Harnstoffe und andere Schad-stoffe in ihre harmlose molekulare Form zur\u00fcckversetzen.<\/p>\n<p>Produkt\u00fcbersicht<\/p>\n<ul>\n<li>Sicher: Nur klares, sterilisiertes Wasser wird aus der Reaktionskammer freigegeben.<\/li>\n<li>Sauber: Wasser, das wie nie zuvor wie Diamanten gl\u00e4nzt.<\/li>\n<li>Effzient: Verbraucht die gleiche Menge Energie wie eine normale Gl\u00fchbirne und sorgt f\u00fcr konstante Einsparungen.<\/li>\n<li>Effektiv: Keine Mikroorganismen sind sicher! Die einzige verf\u00fcgbare Technologie, die beispiellos s\u00e4mtliche Viren, Bakterien und Krankheits-erreger sofort zerst\u00f6rt und wie kein anderes Ger\u00e4t \u00d6l und Schadstoffe in ihre harmlose molekulare Form zersetzt.<\/li>\n<li>Leistungsstark: Der photokatalytische Oxidator (PCO) Quantum wirkt besser als das Abkochen von Wasser.<\/li>\n<li>Einfache Verwendung: Alle erforderlichen Sensoren und Steuerkompo-nenten sind vormontiert. Kein Zusammensetzen komplizierter Teile. Eine Aufforderung zum Tausch der Gl\u00fchbirne erfolgt nach 14.000 Betriebsstunden.<\/li>\n<li>F\u00fcr den lebenslangen Betrieb gefertigt: Korrosionsbest\u00e4ndig, unabh\u00e4ngig von der Salz- oder Chemikalienkonzentration im Wasser. Die Reaktions-oberfl\u00e4che ist katalytisch, wird deshalb nie aufgebraucht und \u00e4ndert sich nicht.<\/li>\n<\/ul>\n<p><b>Spannung \u00a0und \u00a0Frequenz<\/b><\/p>\n<p>120V ~ 240V 50\/60 or 110V ~ 120V 50\/60Hz<\/p>\n<p><b>Maximaler Betriebsdruck<\/b><\/p>\n<p>3 Bar<\/p>\n<p><b>Max. Leistungsaufnahme<\/b><\/p>\n<p>Single Lampe: 64W<\/p>\n<p>Double Lampe: 128W<\/p>\n<p><b>Lampe<\/b><\/p>\n<p>Niederdruck \/Hochleistung<\/p>\n<p><b>Lamp life<\/b><\/p>\n<p>9000 Stunden<\/p>\n<p><b>Maximale Durchflussrate<\/b><\/p>\n<p>Single Lampe: 14,000 Liter pro Stunde (14m<sup>3<\/sup>\/h)<\/p>\n<p>Double Lampe: 28,000 Liter pro Stunde (28m<sup>3<\/sup>\/h)<\/p>\n<p><b>Maximum Pool Gr\u00f6\u00dfe<\/b><\/p>\n<p>Single Lampe: 65,000 litres (65m<sup>3<\/sup>)<\/p>\n<p>Double : 130,000 litres (130m<sup>3<\/sup>)<\/p>\n<p><b>IP Schutzart<\/b><\/p>\n<p>IP65<\/p>\n<p><b>Wasseranschl\u00fcsse<\/b><\/p>\n<p>2\u201d \/ 63-mm Zoll<\/p>\n<p>1<sup>1\/2<\/sup> \/ 50mm<\/p>\n<p><b>Salz Wasser<\/b><\/p>\n<p>100% Salzwasservertr\u00e4glich<\/p>\n<p><b>Genehmigung<\/b><\/p>\n<p>CE zugelassen<\/p>\n","protected":false},"excerpt":{"rendered":"<p>Bringen Sie Beckenhygiene und Wasserklarheit auf das h\u00f6chste Niveau. Quantum verwendet eine neue Nanokristalltechnologie, die Abwasser ohne die Verwendung von Chemikalien zu Trinkwasser sterilisieren kann und damit zu einem Schwerpunkthema der modernen Wissenschafft geh\u00f6rt. Einer der vielen Vorteile von Quantum ist die betr\u00e4chtliche Senkung von Restchemikalien, wie Chlor oder Wasserstoffperoxid. Das Ger\u00e4t wurde auf eine [&hellip;]<\/p>\n","protected":false},"featured_media":565,"template":"","meta":[],"product_brand":[],"product_cat":[135],"product_tag":[],"class_list":{"0":"post-563","1":"product","2":"type-product","3":"status-publish","4":"has-post-thumbnail","6":"product_cat-wasserpflege-und-reinigung","8":"first","9":"instock","10":"taxable","11":"shipping-taxable","12":"purchasable","13":"product-type-variable"},"_links":{"self":[{"href":"https:\/\/swimmingpool24.com\/Shop\/wp-json\/wp\/v2\/product\/563","targetHints":{"allow":["GET"]}}],"collection":[{"href":"https:\/\/swimmingpool24.com\/Shop\/wp-json\/wp\/v2\/product"}],"about":[{"href":"https:\/\/swimmingpool24.com\/Shop\/wp-json\/wp\/v2\/types\/product"}],"wp:featuredmedia":[{"embeddable":true,"href":"https:\/\/swimmingpool24.com\/Shop\/wp-json\/wp\/v2\/media\/565"}],"wp:attachment":[{"href":"https:\/\/swimmingpool24.com\/Shop\/wp-json\/wp\/v2\/media?parent=563"}],"wp:term":[{"taxonomy":"product_brand","embeddable":true,"href":"https:\/\/swimmingpool24.com\/Shop\/wp-json\/wp\/v2\/product_brand?post=563"},{"taxonomy":"product_cat","embeddable":true,"href":"https:\/\/swimmingpool24.com\/Shop\/wp-json\/wp\/v2\/product_cat?post=563"},{"taxonomy":"product_tag","embeddable":true,"href":"https:\/\/swimmingpool24.com\/Shop\/wp-json\/wp\/v2\/product_tag?post=563"}],"curies":[{"name":"wp","href":"https:\/\/api.w.org\/{rel}","templated":true}]}}